{"id":1628,"date":"2024-08-09T23:25:42","date_gmt":"2024-08-10T02:25:42","guid":{"rendered":"https:\/\/eventos.crp.ufv.br\/jogosdigitais\/?page_id=1628"},"modified":"2025-11-10T01:17:52","modified_gmt":"2025-11-10T04:17:52","slug":"mathdungeon-mergulhando-na-matematica","status":"publish","type":"page","link":"https:\/\/eventos.crp.ufv.br\/jogosdigitais\/?page_id=1628","title":{"rendered":"MathRogue: O Desafio da Matem\u00e1tica"},"content":{"rendered":"<p><img loading=\"lazy\" decoding=\"async\" class=\"alignnone wp-image-2388 size-medium\" src=\"https:\/\/eventos.crp.ufv.br\/jogosdigitais\/wp-content\/uploads\/2025\/11\/Nova_imagem-300x167.png\" alt=\"\" width=\"300\" height=\"167\" srcset=\"https:\/\/eventos.crp.ufv.br\/jogosdigitais\/wp-content\/uploads\/2025\/11\/Nova_imagem-300x167.png 300w, https:\/\/eventos.crp.ufv.br\/jogosdigitais\/wp-content\/uploads\/2025\/11\/Nova_imagem-1024x571.png 1024w, https:\/\/eventos.crp.ufv.br\/jogosdigitais\/wp-content\/uploads\/2025\/11\/Nova_imagem-768x428.png 768w, https:\/\/eventos.crp.ufv.br\/jogosdigitais\/wp-content\/uploads\/2025\/11\/Nova_imagem-500x279.png 500w, https:\/\/eventos.crp.ufv.br\/jogosdigitais\/wp-content\/uploads\/2025\/11\/Nova_imagem.png 1504w\" sizes=\"auto, (max-width: 300px) 100vw, 300px\" \/><\/p>\n<p><strong>MathRogue: O Desafio da Matem\u00e1tica<\/strong><br \/>\n<strong>S\u00e9rie: Ensino m\u00e9dio 1\u00ba, 2\u00ba e 3\u00ba ano<\/strong><br \/>\n<strong>Conte\u00fado: Ordem de resolu\u00e7\u00e3o, Fra\u00e7\u00e3o\/Simplifica\u00e7\u00e3o, Equa\u00e7\u00e3o de 1\u00baGrau, Raiz quadrada, Trigonometria, Equa\u00e7\u00e3o de 2\u00baGrau, Plano Cartesiano, Conjuntos num\u00e9ricos, Fatora\u00e7\u00f5es.<\/strong><\/p>\n<p>Um guerreiro em busca de aventuras para provar sua bravura e poder, adentra uma masmorra repleto de andares cheio de inimigos que guardam tesouros preciosos. Sua miss\u00e3o \u00e9 simples, desbravar 3 grandes andares explorando diversas salas em busca de itens e derrotar os 3 grandes chefes desta masmorra para conclu\u00ed-la, utilizando do conhecimento matem\u00e1tico para avan\u00e7ar em sua aventura.<\/p>\n<p>Senha (\u00c1rea do Professor):\u00a07070<\/p>\n<p>Link para v\u00eddeo de apresenta\u00e7\u00e3o do jogo:<\/p>\n<p><a href=\"https:\/\/drive.google.com\/file\/d\/1pxsvAfjuqskiXQEHiEa8M1ss07fMMuPy\/view?usp=drive_link\">https:\/\/drive.google.com\/file\/d\/1pxsvAfjuqskiXQEHiEa8M1ss07fMMuPy\/view?usp=drive_link<\/a><\/p>\n<p>&nbsp;<\/p>\n<p><strong>Download:<\/strong><\/p>\n<p><strong data-wp-editing=\"1\"><a href=\"https:\/\/drive.google.com\/drive\/folders\/1JxneDHdi3UL7Rco31laAAC2AKeBoK_Wi?usp=sharing\" target=\"_blank\" rel=\"noopener\"><img loading=\"lazy\" decoding=\"async\" class=\"alignnone wp-image-1501\" src=\"https:\/\/eventos.crp.ufv.br\/jogosdigitais\/wp-content\/uploads\/2023\/06\/windows-150x150.png\" alt=\"\" width=\"50\" height=\"50\" srcset=\"https:\/\/eventos.crp.ufv.br\/jogosdigitais\/wp-content\/uploads\/2023\/06\/windows-150x150.png 150w, https:\/\/eventos.crp.ufv.br\/jogosdigitais\/wp-content\/uploads\/2023\/06\/windows.png 256w\" sizes=\"auto, (max-width: 50px) 100vw, 50px\" \/><\/a><a href=\"https:\/\/drive.google.com\/drive\/folders\/1vAtAbXsZOzlXLt-_GRpgMYpVolTkDSjP?usp=sharing\" target=\"_blank\" rel=\"noopener\"><img loading=\"lazy\" decoding=\"async\" class=\"alignnone wp-image-1502\" src=\"https:\/\/eventos.crp.ufv.br\/jogosdigitais\/wp-content\/uploads\/2023\/06\/linux-150x150.png\" alt=\"\" width=\"50\" height=\"50\" srcset=\"https:\/\/eventos.crp.ufv.br\/jogosdigitais\/wp-content\/uploads\/2023\/06\/linux-150x150.png 150w, https:\/\/eventos.crp.ufv.br\/jogosdigitais\/wp-content\/uploads\/2023\/06\/linux.png 256w\" sizes=\"auto, (max-width: 50px) 100vw, 50px\" \/><\/a><img loading=\"lazy\" decoding=\"async\" class=\"alignnone wp-image-1503\" src=\"https:\/\/eventos.crp.ufv.br\/jogosdigitais\/wp-content\/uploads\/2023\/06\/android-150x150.png\" width=\"50\" height=\"50\" srcset=\"https:\/\/eventos.crp.ufv.br\/jogosdigitais\/wp-content\/uploads\/2023\/06\/android-150x150.png 150w, https:\/\/eventos.crp.ufv.br\/jogosdigitais\/wp-content\/uploads\/2023\/06\/android.png 256w\" sizes=\"auto, (max-width: 50px) 100vw, 50px\" \/><\/strong><\/p>\n<p><strong>Tutorial de instala\u00e7\u00e3o:<\/strong><br \/>\n<a href=\"https:\/\/drive.google.com\/file\/d\/1q9fHXbxAS5e4ISrz66lANoTYMtkQQ_9K\/view?usp=drive_link\">Link<\/a><\/p>\n<p><img loading=\"lazy\" decoding=\"async\" class=\"alignnone wp-image-1709 size-medium\" src=\"https:\/\/eventos.crp.ufv.br\/jogosdigitais\/wp-content\/uploads\/2024\/08\/Victor-300x278.jpg\" alt=\"\" width=\"300\" height=\"278\" srcset=\"https:\/\/eventos.crp.ufv.br\/jogosdigitais\/wp-content\/uploads\/2024\/08\/Victor-300x278.jpg 300w, https:\/\/eventos.crp.ufv.br\/jogosdigitais\/wp-content\/uploads\/2024\/08\/Victor-324x300.jpg 324w, https:\/\/eventos.crp.ufv.br\/jogosdigitais\/wp-content\/uploads\/2024\/08\/Victor.jpg 720w\" sizes=\"auto, (max-width: 300px) 100vw, 300px\" \/><\/p>\n","protected":false},"excerpt":{"rendered":"<p>MathRogue: O Desafio da Matem\u00e1tica S\u00e9rie: Ensino m\u00e9dio 1\u00ba, 2\u00ba e 3\u00ba ano Conte\u00fado: Ordem de resolu\u00e7\u00e3o, Fra\u00e7\u00e3o\/Simplifica\u00e7\u00e3o, Equa\u00e7\u00e3o de 1\u00baGrau, Raiz quadrada, Trigonometria, Equa\u00e7\u00e3o de 2\u00baGrau, Plano Cartesiano, Conjuntos num\u00e9ricos, Fatora\u00e7\u00f5es. Um guerreiro em busca de aventuras para provar &hellip; <a href=\"https:\/\/eventos.crp.ufv.br\/jogosdigitais\/?page_id=1628\">Leia mais<\/a><\/p>\n","protected":false},"author":5,"featured_media":0,"parent":1594,"menu_order":0,"comment_status":"closed","ping_status":"closed","template":"","meta":{"footnotes":""},"class_list":["post-1628","page","type-page","status-publish","hentry"],"_links":{"self":[{"href":"https:\/\/eventos.crp.ufv.br\/jogosdigitais\/index.php?rest_route=\/wp\/v2\/pages\/1628","targetHints":{"allow":["GET"]}}],"collection":[{"href":"https:\/\/eventos.crp.ufv.br\/jogosdigitais\/index.php?rest_route=\/wp\/v2\/pages"}],"about":[{"href":"https:\/\/eventos.crp.ufv.br\/jogosdigitais\/index.php?rest_route=\/wp\/v2\/types\/page"}],"author":[{"embeddable":true,"href":"https:\/\/eventos.crp.ufv.br\/jogosdigitais\/index.php?rest_route=\/wp\/v2\/users\/5"}],"replies":[{"embeddable":true,"href":"https:\/\/eventos.crp.ufv.br\/jogosdigitais\/index.php?rest_route=%2Fwp%2Fv2%2Fcomments&post=1628"}],"version-history":[{"count":6,"href":"https:\/\/eventos.crp.ufv.br\/jogosdigitais\/index.php?rest_route=\/wp\/v2\/pages\/1628\/revisions"}],"predecessor-version":[{"id":2391,"href":"https:\/\/eventos.crp.ufv.br\/jogosdigitais\/index.php?rest_route=\/wp\/v2\/pages\/1628\/revisions\/2391"}],"up":[{"embeddable":true,"href":"https:\/\/eventos.crp.ufv.br\/jogosdigitais\/index.php?rest_route=\/wp\/v2\/pages\/1594"}],"wp:attachment":[{"href":"https:\/\/eventos.crp.ufv.br\/jogosdigitais\/index.php?rest_route=%2Fwp%2Fv2%2Fmedia&parent=1628"}],"curies":[{"name":"wp","href":"https:\/\/api.w.org\/{rel}","templated":true}]}}