{"id":1812,"date":"2025-06-18T13:17:57","date_gmt":"2025-06-18T16:17:57","guid":{"rendered":"https:\/\/eventos.crp.ufv.br\/jogosdigitais\/?page_id=1812"},"modified":"2025-07-08T15:13:11","modified_gmt":"2025-07-08T18:13:11","slug":"vii-mostra-de-jogos-digitais-2025","status":"publish","type":"page","link":"https:\/\/eventos.crp.ufv.br\/jogosdigitais\/?page_id=1812","title":{"rendered":"VII Mostra de Jogos digitais (2025)"},"content":{"rendered":"<h1 style=\"text-align: center;\">Jogos Educacionais<\/h1>\n<h2><\/h2>\n<h2><strong>Alfabetiza\u00e7\u00e3o:<br \/>\n<\/strong><\/h2>\n<p><a href=\"https:\/\/eventos.crp.ufv.br\/jogosdigitais\/?page_id=1861\" target=\"_blank\"><img loading=\"lazy\" decoding=\"async\" class=\"alignnone wp-image-1864\" src=\"https:\/\/eventos.crp.ufv.br\/jogosdigitais\/wp-content\/uploads\/2025\/06\/Menu-Inicial-300x158.png\" width=\"585\" height=\"309\" srcset=\"https:\/\/eventos.crp.ufv.br\/jogosdigitais\/wp-content\/uploads\/2025\/06\/Menu-Inicial-300x158.png 300w, https:\/\/eventos.crp.ufv.br\/jogosdigitais\/wp-content\/uploads\/2025\/06\/Menu-Inicial-768x405.png 768w, https:\/\/eventos.crp.ufv.br\/jogosdigitais\/wp-content\/uploads\/2025\/06\/Menu-Inicial-500x264.png 500w, https:\/\/eventos.crp.ufv.br\/jogosdigitais\/wp-content\/uploads\/2025\/06\/Menu-Inicial.png 811w\" sizes=\"auto, (max-width: 585px) 100vw, 585px\" \/><\/a><\/p>\n<p><strong>Soletrando: Desafio da Ortografia,<\/strong><strong>\u00a08\u00b0 e 9\u00b0.<\/strong><\/p>\n<h2><strong>Cidadania:<br \/>\n<a href=\"https:\/\/eventos.crp.ufv.br\/jogosdigitais\/?page_id=1956\" target=\"_blank\"><img loading=\"lazy\" decoding=\"async\" class=\"alignnone wp-image-1959 size-large\" src=\"https:\/\/eventos.crp.ufv.br\/jogosdigitais\/wp-content\/uploads\/2025\/07\/Imagem-do-WhatsApp-de-2025-06-18-\u00e0s-13.26.49_7a72d039-1024x574.jpg\" width=\"584\" height=\"327\" srcset=\"https:\/\/eventos.crp.ufv.br\/jogosdigitais\/wp-content\/uploads\/2025\/07\/Imagem-do-WhatsApp-de-2025-06-18-\u00e0s-13.26.49_7a72d039-1024x574.jpg 1024w, https:\/\/eventos.crp.ufv.br\/jogosdigitais\/wp-content\/uploads\/2025\/07\/Imagem-do-WhatsApp-de-2025-06-18-\u00e0s-13.26.49_7a72d039-300x168.jpg 300w, https:\/\/eventos.crp.ufv.br\/jogosdigitais\/wp-content\/uploads\/2025\/07\/Imagem-do-WhatsApp-de-2025-06-18-\u00e0s-13.26.49_7a72d039-768x430.jpg 768w, https:\/\/eventos.crp.ufv.br\/jogosdigitais\/wp-content\/uploads\/2025\/07\/Imagem-do-WhatsApp-de-2025-06-18-\u00e0s-13.26.49_7a72d039-500x280.jpg 500w, https:\/\/eventos.crp.ufv.br\/jogosdigitais\/wp-content\/uploads\/2025\/07\/Imagem-do-WhatsApp-de-2025-06-18-\u00e0s-13.26.49_7a72d039.jpg 1513w\" sizes=\"auto, (max-width: 584px) 100vw, 584px\" \/><\/a><\/strong><\/h2>\n<p><strong>Miss\u00e3o Tr\u00e2nsito Seguro,<\/strong><strong>\u00a05\u00b0 a 3\u00b0 ano do m\u00e9dio<\/strong><\/p>\n<h2><strong>F\u00edsica:<\/strong><\/h2>\n<p><a href=\"https:\/\/eventos.crp.ufv.br\/jogosdigitais\/?page_id=1888\" target=\"_blank\"><img loading=\"lazy\" decoding=\"async\" class=\"alignnone wp-image-1890 size-large\" src=\"https:\/\/eventos.crp.ufv.br\/jogosdigitais\/wp-content\/uploads\/2025\/06\/IMG-20250609-WA0022-1024x573.jpg\" width=\"584\" height=\"327\" srcset=\"https:\/\/eventos.crp.ufv.br\/jogosdigitais\/wp-content\/uploads\/2025\/06\/IMG-20250609-WA0022-1024x573.jpg 1024w, https:\/\/eventos.crp.ufv.br\/jogosdigitais\/wp-content\/uploads\/2025\/06\/IMG-20250609-WA0022-300x168.jpg 300w, https:\/\/eventos.crp.ufv.br\/jogosdigitais\/wp-content\/uploads\/2025\/06\/IMG-20250609-WA0022-768x430.jpg 768w, https:\/\/eventos.crp.ufv.br\/jogosdigitais\/wp-content\/uploads\/2025\/06\/IMG-20250609-WA0022-500x280.jpg 500w, https:\/\/eventos.crp.ufv.br\/jogosdigitais\/wp-content\/uploads\/2025\/06\/IMG-20250609-WA0022.jpg 1040w\" sizes=\"auto, (max-width: 584px) 100vw, 584px\" \/><\/a><\/p>\n<p><strong>F\u00edsica Gal\u00e1ctica: A Jornada do Explorador,\u00a0<\/strong><strong>1\u00b0 ano do ensino m\u00e9dio.<\/strong><\/p>\n<h2><strong>Geografia:<br \/>\n<\/strong><\/h2>\n<p><a href=\"https:\/\/eventos.crp.ufv.br\/jogosdigitais\/?page_id=1845\" target=\"_blank\"><img loading=\"lazy\" decoding=\"async\" class=\"alignnone wp-image-1846 size-large\" src=\"https:\/\/eventos.crp.ufv.br\/jogosdigitais\/wp-content\/uploads\/2025\/06\/Imagem-do-WhatsApp-de-2025-06-18-\u00e0s-16.58.12_51871f88-1024x571.jpg\" width=\"584\" height=\"326\" srcset=\"https:\/\/eventos.crp.ufv.br\/jogosdigitais\/wp-content\/uploads\/2025\/06\/Imagem-do-WhatsApp-de-2025-06-18-\u00e0s-16.58.12_51871f88-1024x571.jpg 1024w, https:\/\/eventos.crp.ufv.br\/jogosdigitais\/wp-content\/uploads\/2025\/06\/Imagem-do-WhatsApp-de-2025-06-18-\u00e0s-16.58.12_51871f88-300x167.jpg 300w, https:\/\/eventos.crp.ufv.br\/jogosdigitais\/wp-content\/uploads\/2025\/06\/Imagem-do-WhatsApp-de-2025-06-18-\u00e0s-16.58.12_51871f88-768x429.jpg 768w, https:\/\/eventos.crp.ufv.br\/jogosdigitais\/wp-content\/uploads\/2025\/06\/Imagem-do-WhatsApp-de-2025-06-18-\u00e0s-16.58.12_51871f88-500x279.jpg 500w, https:\/\/eventos.crp.ufv.br\/jogosdigitais\/wp-content\/uploads\/2025\/06\/Imagem-do-WhatsApp-de-2025-06-18-\u00e0s-16.58.12_51871f88.jpg 1516w\" sizes=\"auto, (max-width: 584px) 100vw, 584px\" \/><\/a><\/p>\n<p><strong>Viajante do Conhecimento,\u00a0<\/strong><strong>Ensino fundamental I.<\/strong><\/p>\n<p><a href=\"https:\/\/eventos.crp.ufv.br\/jogosdigitais\/?page_id=1924\" target=\"_blank\"><img loading=\"lazy\" decoding=\"async\" class=\"alignnone wp-image-1930 size-large\" src=\"https:\/\/eventos.crp.ufv.br\/jogosdigitais\/wp-content\/uploads\/2025\/07\/menu-1-1024x576.png\" width=\"584\" height=\"329\" srcset=\"https:\/\/eventos.crp.ufv.br\/jogosdigitais\/wp-content\/uploads\/2025\/07\/menu-1-1024x576.png 1024w, https:\/\/eventos.crp.ufv.br\/jogosdigitais\/wp-content\/uploads\/2025\/07\/menu-1-300x169.png 300w, https:\/\/eventos.crp.ufv.br\/jogosdigitais\/wp-content\/uploads\/2025\/07\/menu-1-768x432.png 768w, https:\/\/eventos.crp.ufv.br\/jogosdigitais\/wp-content\/uploads\/2025\/07\/menu-1-500x281.png 500w, https:\/\/eventos.crp.ufv.br\/jogosdigitais\/wp-content\/uploads\/2025\/07\/menu-1.png 1918w\" sizes=\"auto, (max-width: 584px) 100vw, 584px\" \/><\/a><\/p>\n<p><strong>GeoLink,\u00a0<\/strong><strong>8\u00ba ano a Ensino M\u00e9dio.<\/strong><\/p>\n<p><a href=\"https:\/\/eventos.crp.ufv.br\/jogosdigitais\/?page_id=1933\" target=\"_blank\"><img loading=\"lazy\" decoding=\"async\" class=\"alignnone wp-image-1968 size-large\" src=\"https:\/\/eventos.crp.ufv.br\/jogosdigitais\/wp-content\/uploads\/2025\/06\/Imagem-do-WhatsApp-de-2025-07-08-\u00e0s-15.01.09_4f240fe7-1024x575.jpg\" width=\"584\" height=\"328\" srcset=\"https:\/\/eventos.crp.ufv.br\/jogosdigitais\/wp-content\/uploads\/2025\/06\/Imagem-do-WhatsApp-de-2025-07-08-\u00e0s-15.01.09_4f240fe7-1024x575.jpg 1024w, https:\/\/eventos.crp.ufv.br\/jogosdigitais\/wp-content\/uploads\/2025\/06\/Imagem-do-WhatsApp-de-2025-07-08-\u00e0s-15.01.09_4f240fe7-300x169.jpg 300w, https:\/\/eventos.crp.ufv.br\/jogosdigitais\/wp-content\/uploads\/2025\/06\/Imagem-do-WhatsApp-de-2025-07-08-\u00e0s-15.01.09_4f240fe7-768x431.jpg 768w, https:\/\/eventos.crp.ufv.br\/jogosdigitais\/wp-content\/uploads\/2025\/06\/Imagem-do-WhatsApp-de-2025-07-08-\u00e0s-15.01.09_4f240fe7-500x281.jpg 500w, https:\/\/eventos.crp.ufv.br\/jogosdigitais\/wp-content\/uploads\/2025\/06\/Imagem-do-WhatsApp-de-2025-07-08-\u00e0s-15.01.09_4f240fe7.jpg 1280w\" sizes=\"auto, (max-width: 584px) 100vw, 584px\" \/><\/a><\/p>\n<p><strong>Detetive dos Pa\u00edses: Aprendendo Geografia com um Jogo,<\/strong><strong>\u00a08\u00ba e 9\u00ba\u00a0ano.<\/strong><\/p>\n<h2><strong>Hist\u00f3ria:<br \/>\n<\/strong><\/h2>\n<p><a href=\"https:\/\/eventos.crp.ufv.br\/jogosdigitais\/?page_id=1880\" target=\"_blank\"><img loading=\"lazy\" decoding=\"async\" class=\"alignnone wp-image-1881\" src=\"https:\/\/eventos.crp.ufv.br\/jogosdigitais\/wp-content\/uploads\/2025\/06\/menuprincipal.png\" width=\"584\" height=\"328\" srcset=\"https:\/\/eventos.crp.ufv.br\/jogosdigitais\/wp-content\/uploads\/2025\/06\/menuprincipal.png 609w, https:\/\/eventos.crp.ufv.br\/jogosdigitais\/wp-content\/uploads\/2025\/06\/menuprincipal-300x168.png 300w, https:\/\/eventos.crp.ufv.br\/jogosdigitais\/wp-content\/uploads\/2025\/06\/menuprincipal-500x281.png 500w\" sizes=\"auto, (max-width: 584px) 100vw, 584px\" \/><\/a><\/p>\n<p><strong>Cr\u00f4nicas Secretas do Brasil,\u00a0<\/strong><strong>\u00a09\u00b0\u00a0a Ensino M\u00e9dio<\/strong><\/p>\n<p><a href=\"https:\/\/eventos.crp.ufv.br\/jogosdigitais\/?page_id=1853\" target=\"_blank\"><img loading=\"lazy\" decoding=\"async\" class=\"alignnone wp-image-1854 size-large\" src=\"https:\/\/eventos.crp.ufv.br\/jogosdigitais\/wp-content\/uploads\/2025\/06\/Imagem-do-WhatsApp-de-2025-06-18-\u00e0s-13.26.50_743b1a9d-1024x432.jpg\" width=\"584\" height=\"246\" srcset=\"https:\/\/eventos.crp.ufv.br\/jogosdigitais\/wp-content\/uploads\/2025\/06\/Imagem-do-WhatsApp-de-2025-06-18-\u00e0s-13.26.50_743b1a9d-1024x432.jpg 1024w, https:\/\/eventos.crp.ufv.br\/jogosdigitais\/wp-content\/uploads\/2025\/06\/Imagem-do-WhatsApp-de-2025-06-18-\u00e0s-13.26.50_743b1a9d-300x127.jpg 300w, https:\/\/eventos.crp.ufv.br\/jogosdigitais\/wp-content\/uploads\/2025\/06\/Imagem-do-WhatsApp-de-2025-06-18-\u00e0s-13.26.50_743b1a9d-768x324.jpg 768w, https:\/\/eventos.crp.ufv.br\/jogosdigitais\/wp-content\/uploads\/2025\/06\/Imagem-do-WhatsApp-de-2025-06-18-\u00e0s-13.26.50_743b1a9d-500x211.jpg 500w, https:\/\/eventos.crp.ufv.br\/jogosdigitais\/wp-content\/uploads\/2025\/06\/Imagem-do-WhatsApp-de-2025-06-18-\u00e0s-13.26.50_743b1a9d.jpg 1600w\" sizes=\"auto, (max-width: 584px) 100vw, 584px\" \/><\/a><\/p>\n<p><strong>Power and Rivalry,\u00a0<\/strong><strong>Ensino M\u00e9dio<\/strong><\/p>\n<h2><strong>Matem\u00e1tica:<br \/>\n<\/strong><\/h2>\n<p><a href=\"https:\/\/eventos.crp.ufv.br\/jogosdigitais\/?page_id=1829\" target=\"_blank\"><img loading=\"lazy\" decoding=\"async\" class=\"alignnone wp-image-1833 size-large\" src=\"https:\/\/eventos.crp.ufv.br\/jogosdigitais\/wp-content\/uploads\/2025\/06\/MENU-AVENTURA-FRACIOANDA-1024x571.png\" width=\"584\" height=\"326\" srcset=\"https:\/\/eventos.crp.ufv.br\/jogosdigitais\/wp-content\/uploads\/2025\/06\/MENU-AVENTURA-FRACIOANDA-1024x571.png 1024w, https:\/\/eventos.crp.ufv.br\/jogosdigitais\/wp-content\/uploads\/2025\/06\/MENU-AVENTURA-FRACIOANDA-300x167.png 300w, https:\/\/eventos.crp.ufv.br\/jogosdigitais\/wp-content\/uploads\/2025\/06\/MENU-AVENTURA-FRACIOANDA-768x429.png 768w, https:\/\/eventos.crp.ufv.br\/jogosdigitais\/wp-content\/uploads\/2025\/06\/MENU-AVENTURA-FRACIOANDA-500x279.png 500w, https:\/\/eventos.crp.ufv.br\/jogosdigitais\/wp-content\/uploads\/2025\/06\/MENU-AVENTURA-FRACIOANDA.png 1507w\" sizes=\"auto, (max-width: 584px) 100vw, 584px\" \/><\/a><\/p>\n<p><strong>Aventura Fracionada,\u00a0<\/strong><strong>6\u00ba a 9\u00ba.<\/strong><\/p>\n<p><a href=\"https:\/\/eventos.crp.ufv.br\/jogosdigitais\/?page_id=1817\" target=\"_blank\"><img loading=\"lazy\" decoding=\"async\" class=\"alignnone wp-image-1818 size-large\" src=\"https:\/\/eventos.crp.ufv.br\/jogosdigitais\/wp-content\/uploads\/2025\/06\/Menu_Brenno-1024x576.png\" width=\"584\" height=\"329\" srcset=\"https:\/\/eventos.crp.ufv.br\/jogosdigitais\/wp-content\/uploads\/2025\/06\/Menu_Brenno-1024x576.png 1024w, https:\/\/eventos.crp.ufv.br\/jogosdigitais\/wp-content\/uploads\/2025\/06\/Menu_Brenno-300x169.png 300w, https:\/\/eventos.crp.ufv.br\/jogosdigitais\/wp-content\/uploads\/2025\/06\/Menu_Brenno-768x432.png 768w, https:\/\/eventos.crp.ufv.br\/jogosdigitais\/wp-content\/uploads\/2025\/06\/Menu_Brenno-500x281.png 500w, https:\/\/eventos.crp.ufv.br\/jogosdigitais\/wp-content\/uploads\/2025\/06\/Menu_Brenno.png 1919w\" sizes=\"auto, (max-width: 584px) 100vw, 584px\" \/><\/a><\/p>\n<p><strong>Castle of knowledge,\u00a0<\/strong><strong>9\u00ba ano.<\/strong><\/p>\n<h2><a href=\"https:\/\/eventos.crp.ufv.br\/jogosdigitais\/?page_id=1909\" target=\"_blank\"><img loading=\"lazy\" decoding=\"async\" class=\"alignnone wp-image-1915 size-large\" src=\"https:\/\/eventos.crp.ufv.br\/jogosdigitais\/wp-content\/uploads\/2025\/07\/menu-1024x576.png\" width=\"584\" height=\"329\" srcset=\"https:\/\/eventos.crp.ufv.br\/jogosdigitais\/wp-content\/uploads\/2025\/07\/menu-1024x576.png 1024w, https:\/\/eventos.crp.ufv.br\/jogosdigitais\/wp-content\/uploads\/2025\/07\/menu-300x169.png 300w, https:\/\/eventos.crp.ufv.br\/jogosdigitais\/wp-content\/uploads\/2025\/07\/menu-768x432.png 768w, https:\/\/eventos.crp.ufv.br\/jogosdigitais\/wp-content\/uploads\/2025\/07\/menu-500x281.png 500w, https:\/\/eventos.crp.ufv.br\/jogosdigitais\/wp-content\/uploads\/2025\/07\/menu.png 1920w\" sizes=\"auto, (max-width: 584px) 100vw, 584px\" \/><\/a><\/h2>\n<p><strong>Space Math,\u00a0<\/strong><strong>6\u00ba a 9\u00ba ano<\/strong><\/p>\n<p><a href=\"https:\/\/eventos.crp.ufv.br\/jogosdigitais\/?page_id=1940\" target=\"_blank\"><img loading=\"lazy\" decoding=\"async\" class=\"alignnone wp-image-1947 size-large\" src=\"https:\/\/eventos.crp.ufv.br\/jogosdigitais\/wp-content\/uploads\/2025\/07\/IMG-20250622-WA0011-1024x575.jpg\" width=\"584\" height=\"328\" srcset=\"https:\/\/eventos.crp.ufv.br\/jogosdigitais\/wp-content\/uploads\/2025\/07\/IMG-20250622-WA0011-1024x575.jpg 1024w, https:\/\/eventos.crp.ufv.br\/jogosdigitais\/wp-content\/uploads\/2025\/07\/IMG-20250622-WA0011-300x169.jpg 300w, https:\/\/eventos.crp.ufv.br\/jogosdigitais\/wp-content\/uploads\/2025\/07\/IMG-20250622-WA0011-768x432.jpg 768w, https:\/\/eventos.crp.ufv.br\/jogosdigitais\/wp-content\/uploads\/2025\/07\/IMG-20250622-WA0011-500x281.jpg 500w, https:\/\/eventos.crp.ufv.br\/jogosdigitais\/wp-content\/uploads\/2025\/07\/IMG-20250622-WA0011.jpg 1600w\" sizes=\"auto, (max-width: 584px) 100vw, 584px\" \/><\/a><\/p>\n<p><strong>Math-O-Ween,\u00a0<\/strong><strong>2\u00ba a 5\u00ba ano.<\/strong><\/p>\n<p><a href=\"https:\/\/eventos.crp.ufv.br\/jogosdigitais\/?page_id=1951\" target=\"_blank\"><img loading=\"lazy\" decoding=\"async\" class=\"alignnone wp-image-1952 size-large\" src=\"https:\/\/eventos.crp.ufv.br\/jogosdigitais\/wp-content\/uploads\/2025\/07\/Imagem-do-WhatsApp-de-2025-06-18-\u00e0s-13.26.49_6e21a928-1024x576.jpg\" width=\"584\" height=\"329\" srcset=\"https:\/\/eventos.crp.ufv.br\/jogosdigitais\/wp-content\/uploads\/2025\/07\/Imagem-do-WhatsApp-de-2025-06-18-\u00e0s-13.26.49_6e21a928-1024x576.jpg 1024w, https:\/\/eventos.crp.ufv.br\/jogosdigitais\/wp-content\/uploads\/2025\/07\/Imagem-do-WhatsApp-de-2025-06-18-\u00e0s-13.26.49_6e21a928-300x169.jpg 300w, https:\/\/eventos.crp.ufv.br\/jogosdigitais\/wp-content\/uploads\/2025\/07\/Imagem-do-WhatsApp-de-2025-06-18-\u00e0s-13.26.49_6e21a928-768x432.jpg 768w, https:\/\/eventos.crp.ufv.br\/jogosdigitais\/wp-content\/uploads\/2025\/07\/Imagem-do-WhatsApp-de-2025-06-18-\u00e0s-13.26.49_6e21a928-500x281.jpg 500w, https:\/\/eventos.crp.ufv.br\/jogosdigitais\/wp-content\/uploads\/2025\/07\/Imagem-do-WhatsApp-de-2025-06-18-\u00e0s-13.26.49_6e21a928.jpg 1280w\" sizes=\"auto, (max-width: 584px) 100vw, 584px\" \/><\/a><\/p>\n<p><strong>MathQuest, 2\u00ba a 5\u00ba ano.<\/strong><\/p>\n<p>&nbsp;<\/p>\n<p>&nbsp;<\/p>\n<h2><\/h2>\n<h2><\/h2>\n<h2><\/h2>\n<h2><\/h2>\n<h2><\/h2>\n<h2><\/h2>\n<h2><\/h2>\n","protected":false},"excerpt":{"rendered":"<p>Jogos Educacionais Alfabetiza\u00e7\u00e3o: Soletrando: Desafio da Ortografia,\u00a08\u00b0 e 9\u00b0. Cidadania: Miss\u00e3o Tr\u00e2nsito Seguro,\u00a05\u00b0 a 3\u00b0 ano do m\u00e9dio F\u00edsica: F\u00edsica Gal\u00e1ctica: A Jornada do Explorador,\u00a01\u00b0 ano do ensino m\u00e9dio. Geografia: Viajante do Conhecimento,\u00a0Ensino fundamental I. GeoLink,\u00a08\u00ba ano a Ensino M\u00e9dio. &hellip; <a href=\"https:\/\/eventos.crp.ufv.br\/jogosdigitais\/?page_id=1812\">Leia mais<\/a><\/p>\n","protected":false},"author":5,"featured_media":0,"parent":392,"menu_order":0,"comment_status":"closed","ping_status":"closed","template":"","meta":{"footnotes":""},"class_list":["post-1812","page","type-page","status-publish","hentry"],"_links":{"self":[{"href":"https:\/\/eventos.crp.ufv.br\/jogosdigitais\/index.php?rest_route=\/wp\/v2\/pages\/1812","targetHints":{"allow":["GET"]}}],"collection":[{"href":"https:\/\/eventos.crp.ufv.br\/jogosdigitais\/index.php?rest_route=\/wp\/v2\/pages"}],"about":[{"href":"https:\/\/eventos.crp.ufv.br\/jogosdigitais\/index.php?rest_route=\/wp\/v2\/types\/page"}],"author":[{"embeddable":true,"href":"https:\/\/eventos.crp.ufv.br\/jogosdigitais\/index.php?rest_route=\/wp\/v2\/users\/5"}],"replies":[{"embeddable":true,"href":"https:\/\/eventos.crp.ufv.br\/jogosdigitais\/index.php?rest_route=%2Fwp%2Fv2%2Fcomments&post=1812"}],"version-history":[{"count":9,"href":"https:\/\/eventos.crp.ufv.br\/jogosdigitais\/index.php?rest_route=\/wp\/v2\/pages\/1812\/revisions"}],"predecessor-version":[{"id":1816,"href":"https:\/\/eventos.crp.ufv.br\/jogosdigitais\/index.php?rest_route=\/wp\/v2\/pages\/1812\/revisions\/1816"}],"up":[{"embeddable":true,"href":"https:\/\/eventos.crp.ufv.br\/jogosdigitais\/index.php?rest_route=\/wp\/v2\/pages\/392"}],"wp:attachment":[{"href":"https:\/\/eventos.crp.ufv.br\/jogosdigitais\/index.php?rest_route=%2Fwp%2Fv2%2Fmedia&parent=1812"}],"curies":[{"name":"wp","href":"https:\/\/api.w.org\/{rel}","templated":true}]}}