{"id":8,"date":"2013-07-24T17:48:16","date_gmt":"2013-07-24T17:48:16","guid":{"rendered":"http:\/\/localhost\/eventos\/?page_id=8"},"modified":"2019-05-23T14:32:33","modified_gmt":"2019-05-23T17:32:33","slug":"o-evento","status":"publish","type":"page","link":"https:\/\/eventos.crp.ufv.br\/semanadaquimica\/?page_id=8","title":{"rendered":"Local do Evento"},"content":{"rendered":"<p>A Semana Acad\u00eamica de Qu\u00edmica (SEAQ)\u00a0ser\u00e1 realizada no Audit\u00f3rio (sala \u2013 136) do Laborat\u00f3rio de Ensino (LAE), em Rio Parana\u00edba-MG, entre os dias 24 e 29 de junho de 2019.<\/p>\n<p>&nbsp;<\/p>\n<p><strong>Universidade Federal de Vi\u00e7osa<\/strong>\u00a0 \u2013\u00a0<strong><em>Campus<\/em>\u00a0Rio Parana\u00edba<\/strong><br \/>\nRodovia MG-230 \u2013 Km 7\u00a0 \u2013 Rio Parana\u00edba \u2013 MG<br \/>\nCEP: 38810-000 \u2013 Caixa Postal 2<\/p>\n","protected":false},"excerpt":{"rendered":"<p>A Semana Acad\u00eamica de Qu\u00edmica (SEAQ)\u00a0ser\u00e1 realizada no Audit\u00f3rio (sala \u2013 136) do Laborat\u00f3rio de Ensino (LAE), em Rio Parana\u00edba-MG, entre os dias 24 e 29 de junho de 2019. &nbsp; Universidade Federal de Vi\u00e7osa\u00a0 \u2013\u00a0Campus\u00a0Rio Parana\u00edba Rodovia MG-230 \u2013 &hellip; <a href=\"https:\/\/eventos.crp.ufv.br\/semanadaquimica\/?page_id=8\">Leia mais<\/a><\/p>\n","protected":false},"author":1,"featured_media":0,"parent":0,"menu_order":0,"comment_status":"open","ping_status":"open","template":"","meta":{"footnotes":""},"class_list":["post-8","page","type-page","status-publish","hentry"],"_links":{"self":[{"href":"https:\/\/eventos.crp.ufv.br\/semanadaquimica\/index.php?rest_route=\/wp\/v2\/pages\/8","targetHints":{"allow":["GET"]}}],"collection":[{"href":"https:\/\/eventos.crp.ufv.br\/semanadaquimica\/index.php?rest_route=\/wp\/v2\/pages"}],"about":[{"href":"https:\/\/eventos.crp.ufv.br\/semanadaquimica\/index.php?rest_route=\/wp\/v2\/types\/page"}],"author":[{"embeddable":true,"href":"https:\/\/eventos.crp.ufv.br\/semanadaquimica\/index.php?rest_route=\/wp\/v2\/users\/1"}],"replies":[{"embeddable":true,"href":"https:\/\/eventos.crp.ufv.br\/semanadaquimica\/index.php?rest_route=%2Fwp%2Fv2%2Fcomments&post=8"}],"version-history":[{"count":13,"href":"https:\/\/eventos.crp.ufv.br\/semanadaquimica\/index.php?rest_route=\/wp\/v2\/pages\/8\/revisions"}],"predecessor-version":[{"id":657,"href":"https:\/\/eventos.crp.ufv.br\/semanadaquimica\/index.php?rest_route=\/wp\/v2\/pages\/8\/revisions\/657"}],"wp:attachment":[{"href":"https:\/\/eventos.crp.ufv.br\/semanadaquimica\/index.php?rest_route=%2Fwp%2Fv2%2Fmedia&parent=8"}],"curies":[{"name":"wp","href":"https:\/\/api.w.org\/{rel}","templated":true}]}}