{"id":10,"date":"2013-07-24T17:48:48","date_gmt":"2013-07-24T17:48:48","guid":{"rendered":"http:\/\/localhost\/eventos\/?page_id=10"},"modified":"2017-05-03T18:37:58","modified_gmt":"2017-05-03T21:37:58","slug":"programacao","status":"publish","type":"page","link":"https:\/\/eventos.crp.ufv.br\/simal\/?page_id=10","title":{"rendered":"Programa\u00e7\u00e3o"},"content":{"rendered":"<p style=\"text-align: center;\"><strong><br \/>\nPrograma\u00e7\u00e3o<\/strong><\/p>\n<p style=\"text-align: center;\"><em>\u00a0&#8220;Ci\u00eancia e Tecnologia de Alimentos: Sustentabilidade, Desafios e Inova\u00e7\u00e3o&#8221;<\/em><\/p>\n<p style=\"text-align: center;\">Clique e acesse a programa\u00e7\u00e3o do evento:<\/p>\n<p style=\"text-align: center;\">\u00a0<a href=\"https:\/\/eventos.crp.ufv.br\/simal\/wp-content\/uploads\/2017\/05\/Programa%C3%A7%C3%A3o-SIMAL-Final.pdf\" rel=\"attachment wp-att-877\">Programa\u00e7\u00e3o &#8211; II SIMAL &amp; III SEACAL<\/a><\/p>\n","protected":false},"excerpt":{"rendered":"<p>Programa\u00e7\u00e3o \u00a0&#8220;Ci\u00eancia e Tecnologia de Alimentos: Sustentabilidade, Desafios e Inova\u00e7\u00e3o&#8221; Clique e acesse a programa\u00e7\u00e3o do evento: \u00a0Programa\u00e7\u00e3o &#8211; II SIMAL &amp; III SEACAL<\/p>\n","protected":false},"author":1,"featured_media":0,"parent":0,"menu_order":0,"comment_status":"closed","ping_status":"open","template":"","meta":{"footnotes":""},"class_list":["post-10","page","type-page","status-publish","hentry"],"_links":{"self":[{"href":"https:\/\/eventos.crp.ufv.br\/simal\/index.php?rest_route=\/wp\/v2\/pages\/10","targetHints":{"allow":["GET"]}}],"collection":[{"href":"https:\/\/eventos.crp.ufv.br\/simal\/index.php?rest_route=\/wp\/v2\/pages"}],"about":[{"href":"https:\/\/eventos.crp.ufv.br\/simal\/index.php?rest_route=\/wp\/v2\/types\/page"}],"author":[{"embeddable":true,"href":"https:\/\/eventos.crp.ufv.br\/simal\/index.php?rest_route=\/wp\/v2\/users\/1"}],"replies":[{"embeddable":true,"href":"https:\/\/eventos.crp.ufv.br\/simal\/index.php?rest_route=%2Fwp%2Fv2%2Fcomments&post=10"}],"version-history":[{"count":48,"href":"https:\/\/eventos.crp.ufv.br\/simal\/index.php?rest_route=\/wp\/v2\/pages\/10\/revisions"}],"predecessor-version":[{"id":880,"href":"https:\/\/eventos.crp.ufv.br\/simal\/index.php?rest_route=\/wp\/v2\/pages\/10\/revisions\/880"}],"wp:attachment":[{"href":"https:\/\/eventos.crp.ufv.br\/simal\/index.php?rest_route=%2Fwp%2Fv2%2Fmedia&parent=10"}],"curies":[{"name":"wp","href":"https:\/\/api.w.org\/{rel}","templated":true}]}}