{"id":12,"date":"2013-07-24T17:49:16","date_gmt":"2013-07-24T17:49:16","guid":{"rendered":"http:\/\/localhost\/eventos\/?page_id=12"},"modified":"2016-12-16T10:49:00","modified_gmt":"2016-12-16T13:49:00","slug":"contato","status":"publish","type":"page","link":"https:\/\/eventos.crp.ufv.br\/simal\/?page_id=12","title":{"rendered":"Contato"},"content":{"rendered":"<h3>Para mais informa\u00e7\u00f5es:<\/h3>\n<p>contato.seacal@ufv.br<\/p>\n<p>&nbsp;<\/p>\n<h3><strong><span style=\"color: #000000;\">Comiss\u00e3o T\u00e9cnico-Cient\u00edficos:<\/span><\/strong><\/h3>\n<p>Profa. Camila Rocha da Silva<\/p>\n<p><strong>camila.rocha@ufv.br<\/strong><\/p>\n<p>Profa. Fabr\u00edcia Queiroz Mendes<\/p>\n<p><strong>fabricia.mendes@ufv.br<\/strong><\/p>\n<p>Profa. Isabela Costa Guimar\u00e3es<\/p>\n<p><strong>icostag@ufv.br<\/strong><\/p>\n<p>Prof. Allan Robledo Fialho e Moraes<\/p>\n<p><strong>allan.moraes@ufv.br<\/strong><\/p>\n<p>Prof. Evandro Galv\u00e3o Tavares Menezes<\/p>\n<p><strong>emenezes@ufv.br<\/strong><\/p>\n","protected":false},"excerpt":{"rendered":"<p>Para mais informa\u00e7\u00f5es: contato.seacal@ufv.br &nbsp; Comiss\u00e3o T\u00e9cnico-Cient\u00edficos: Profa. Camila Rocha da Silva camila.rocha@ufv.br Profa. Fabr\u00edcia Queiroz Mendes fabricia.mendes@ufv.br Profa. Isabela Costa Guimar\u00e3es icostag@ufv.br Prof. Allan Robledo Fialho e Moraes allan.moraes@ufv.br Prof. Evandro Galv\u00e3o Tavares Menezes emenezes@ufv.br<\/p>\n","protected":false},"author":1,"featured_media":0,"parent":0,"menu_order":0,"comment_status":"closed","ping_status":"closed","template":"","meta":{"footnotes":""},"class_list":["post-12","page","type-page","status-publish","hentry"],"_links":{"self":[{"href":"https:\/\/eventos.crp.ufv.br\/simal\/index.php?rest_route=\/wp\/v2\/pages\/12","targetHints":{"allow":["GET"]}}],"collection":[{"href":"https:\/\/eventos.crp.ufv.br\/simal\/index.php?rest_route=\/wp\/v2\/pages"}],"about":[{"href":"https:\/\/eventos.crp.ufv.br\/simal\/index.php?rest_route=\/wp\/v2\/types\/page"}],"author":[{"embeddable":true,"href":"https:\/\/eventos.crp.ufv.br\/simal\/index.php?rest_route=\/wp\/v2\/users\/1"}],"replies":[{"embeddable":true,"href":"https:\/\/eventos.crp.ufv.br\/simal\/index.php?rest_route=%2Fwp%2Fv2%2Fcomments&post=12"}],"version-history":[{"count":24,"href":"https:\/\/eventos.crp.ufv.br\/simal\/index.php?rest_route=\/wp\/v2\/pages\/12\/revisions"}],"predecessor-version":[{"id":89,"href":"https:\/\/eventos.crp.ufv.br\/simal\/index.php?rest_route=\/wp\/v2\/pages\/12\/revisions\/89"}],"wp:attachment":[{"href":"https:\/\/eventos.crp.ufv.br\/simal\/index.php?rest_route=%2Fwp%2Fv2%2Fmedia&parent=12"}],"curies":[{"name":"wp","href":"https:\/\/api.w.org\/{rel}","templated":true}]}}