{"id":392,"date":"2014-07-13T19:09:41","date_gmt":"2014-07-13T19:09:41","guid":{"rendered":"http:\/\/eventos.crp.ufv.br\/simal\/?page_id=392"},"modified":"2017-02-15T08:28:25","modified_gmt":"2017-02-15T11:28:25","slug":"inscricoes-2","status":"publish","type":"page","link":"https:\/\/eventos.crp.ufv.br\/simal\/?page_id=392","title":{"rendered":"Inscri\u00e7\u00f5es"},"content":{"rendered":"<h3>Informa\u00e7\u00f5es:<\/h3>\n<p>As inscri\u00e7\u00f5es v\u00e3o at\u00e9 o dia 30\/04\/2017.<\/p>\n<p>Passos para se inscrever:<\/p>\n<p><strong>1-<\/strong> Efetuar pagamento pelo link:\u00a0<b><a href=\"https:\/\/eventos.funarbe.org.br\/detalhes\/ii-simal---simposio-de-alimentos\">Link para efetuar pagamento de inscri\u00e7\u00e3o<\/a><\/b><\/p>\n<p><b>2- <\/b>Preencher a ficha de inscri\u00e7\u00e3o<b>: \u00a0<a href=\"https:\/\/eventos.crp.ufv.br\/simal\/wp-content\/uploads\/2014\/07\/Ficha-de-inscri\u00e7\u00e3o1.docx\">Ficha-de-inscri\u00e7\u00e3o<\/a><\/b><\/p>\n<p><strong>3-<\/strong> Enviar o comprovante de pagamento e a ficha de inscri\u00e7\u00e3o devidamente preenchida para o e-mail:\u00a0<strong>inscricoessimal@gmail.com<\/strong><\/p>\n<p>&nbsp;<\/p>\n<p><span style=\"font-size: 1.17em;\">Valores:<\/span><\/p>\n<div align=\"center\">\n<table border=\"1\" width=\"664\" cellspacing=\"0\" cellpadding=\"0\">\n<tbody>\n<tr>\n<td style=\"text-align: center;\" width=\"245\"><b>Inscri\u00e7\u00f5es\u00a0<\/b><\/td>\n<td style=\"text-align: center;\" width=\"123\"><b>At\u00e9\u00a017\/03\/2017<\/b><\/td>\n<td style=\"text-align: center;\" width=\"148\"><b>18\/03 a 18\/04\/2017<\/b><\/td>\n<td style=\"text-align: center;\" width=\"148\"><b>19\/04 a 30\/04\/2017<\/b><\/td>\n<\/tr>\n<tr>\n<td style=\"text-align: center;\" width=\"245\">Estudante Gradua\u00e7\u00e3o<\/td>\n<td style=\"text-align: center;\" width=\"123\">100,00<\/td>\n<td style=\"text-align: center;\" width=\"148\">130,00<\/td>\n<td style=\"text-align: center;\" width=\"148\">150,00<\/td>\n<\/tr>\n<tr>\n<td style=\"text-align: center;\" width=\"245\">Estudante P\u00f3s-Gradua\u00e7\u00e3o<\/td>\n<td style=\"text-align: center;\" width=\"123\">130,00<\/td>\n<td style=\"text-align: center;\" width=\"148\">170,00<\/td>\n<td style=\"text-align: center;\" width=\"148\">195,00<\/td>\n<\/tr>\n<tr>\n<td style=\"text-align: center;\" width=\"245\">Profissional<\/td>\n<td style=\"text-align: center;\" width=\"123\">170,00<\/td>\n<td style=\"text-align: center;\" width=\"148\">220,00<\/td>\n<td style=\"text-align: center;\" width=\"148\">255,00<\/td>\n<\/tr>\n<\/tbody>\n<\/table>\n<\/div>\n","protected":false},"excerpt":{"rendered":"<p>Informa\u00e7\u00f5es: As inscri\u00e7\u00f5es v\u00e3o at\u00e9 o dia 30\/04\/2017. Passos para se inscrever: 1- Efetuar pagamento pelo link:\u00a0Link para efetuar pagamento de inscri\u00e7\u00e3o 2- Preencher a ficha de inscri\u00e7\u00e3o: \u00a0Ficha-de-inscri\u00e7\u00e3o 3- Enviar o comprovante de pagamento e a ficha de inscri\u00e7\u00e3o &hellip; <a href=\"https:\/\/eventos.crp.ufv.br\/simal\/?page_id=392\">Leia mais<\/a><\/p>\n","protected":false},"author":1,"featured_media":0,"parent":0,"menu_order":0,"comment_status":"open","ping_status":"open","template":"","meta":{"footnotes":""},"class_list":["post-392","page","type-page","status-publish","hentry"],"_links":{"self":[{"href":"https:\/\/eventos.crp.ufv.br\/simal\/index.php?rest_route=\/wp\/v2\/pages\/392","targetHints":{"allow":["GET"]}}],"collection":[{"href":"https:\/\/eventos.crp.ufv.br\/simal\/index.php?rest_route=\/wp\/v2\/pages"}],"about":[{"href":"https:\/\/eventos.crp.ufv.br\/simal\/index.php?rest_route=\/wp\/v2\/types\/page"}],"author":[{"embeddable":true,"href":"https:\/\/eventos.crp.ufv.br\/simal\/index.php?rest_route=\/wp\/v2\/users\/1"}],"replies":[{"embeddable":true,"href":"https:\/\/eventos.crp.ufv.br\/simal\/index.php?rest_route=%2Fwp%2Fv2%2Fcomments&post=392"}],"version-history":[{"count":34,"href":"https:\/\/eventos.crp.ufv.br\/simal\/index.php?rest_route=\/wp\/v2\/pages\/392\/revisions"}],"predecessor-version":[{"id":738,"href":"https:\/\/eventos.crp.ufv.br\/simal\/index.php?rest_route=\/wp\/v2\/pages\/392\/revisions\/738"}],"wp:attachment":[{"href":"https:\/\/eventos.crp.ufv.br\/simal\/index.php?rest_route=%2Fwp%2Fv2%2Fmedia&parent=392"}],"curies":[{"name":"wp","href":"https:\/\/api.w.org\/{rel}","templated":true}]}}